1011
Convert 420 (base 7) to base 2.
11010010
Convert -b2 (base 13) to base 15.
-9a
Convert 27 (base 14) to base 7.
50
-1141 (base 5) to base 12
-123
3 (base 7) to base 10
3
46 (base 8) to base 9
42
What is -10 (base 11) in base 12?
-b
What is 234 (base 8) in base 6?
420
What is 14 (base 13) in base 16?
11
2 (base 10) to base 13
2
Convert d (base 16) to base 10.
13
20 (base 6) to base 14
c
1010 (base 4) to base 10
68
Convert 8 (base 15) to base 9.
8
Convert 1 (base 13) to base 2.
1
What is 182 (base 13) in base 16?
113
What is -3 (base 8) in base 16?
-3
-21 (base 10) to base 14
-17
Convert 1 (base 14) to base 6.
1
Convert 95 (base 10) to base 4.
1133
Convert -530 (base 6) to base 13.
-123
1 (base 15) to base 11
1
Convert -2 (base 9) to base 5.
-2
-1331 (base 4) to base 5
-1000
-16 (base 10) to base 9
-17
Convert 15 (base 11) to base 4.
100
-113 (base 5) to base 9
-36
1 (base 4) to base 10
1
What is 146 (base 14) in base 8?
402
-3 (base 9) to base 13
-3
What is 5 (base 10) in base 14?
5
What is 2002 (base 3) in base 15?
3b
-52 (base 8) to base 6
-110
What is 12012 (base 3) in base 10?
140
12 (base 3) to base 13
5
Convert 2 (base 5) to base 3.
2
What is -53 (base 6) in base 13?
-27
Convert -101 (base 2) to base 6.
-5
What is -11 (base 3) in base 5?
-4
What is -2 (base 9) in base 10?
-2
-10101110 (base 2) to base 16
-ae
30 (base 13) to base 11
36
-84 (base 13) to base 5
-413
Convert 3 (base 13) to base 11.
3
Convert -3 (base 15) to base 12.
-3
-121 (base 6) to base 9
-54
What is -35 (base 7) in base 11?
-24
14 (base 8) to base 10
12
What is -11210 (base 3) in base 16?
-81
What is -4 (base 5) in base 16?
-4
Convert -10001001 (base 2) to base 6.
-345
Convert 2 (base 15) to base 5.
2
What is 9 (base 14) in base 3?
100
10 (base 5) to base 8
5
Convert 135 (base 8) to base 4.
1131
Convert -10 (base 3) to base 16.
-3
Convert -1100 (base 3) to base 5.
-121
What is d6 (base 15) in base 14?
105
Convert 6 (base 14) to base 4.
12
What is -11001 (base 2) in base 15?
-1a
What is a (base 16) in base 4?
22
What is 0 (base 6) in base 9?
0
-1a (base 13) to base 15
-18
What is 12 (base 10) in base 8?
14
What is 5 (base 13) in base 6?
5
Convert -65 (base 7) to base 10.
-47
What is 1 (base 14) in base 7?
1
Convert 10 (base 2) to base 11.
2
3 (base 15) to base 13
3
Convert 37 (base 16) to base 12.
47
3 (base 14) to base 11
3
What is -7 (base 9) in base 4?
-13
What is 11 (base 3) in base 15?
4
What is 1123 (base 4) in base 11?
83
Convert 70 (base 10) to base 5.
240
What is -1102 (base 3) in base 13?
-2c
What is -2 (base 13) in base 3?
-2
-2 (base 16) to base 9
-2
-5 (base 8) to base 15
-5
What is 6 (base 14) in base 10?
6
Convert 11000011 (base 2) to base 5.
1240
-101 (base 7) to base 3
-1212
1 (base 15) to base 9
1
Convert -233 (base 8) to base 16.
-9b
Convert 16 (base 12) to base 3.
200
109 (base 10) to base 2
1101101
What is -10 (base 8) in base 7?
-11
-33 (base 16) to base 14
-39
-50 (base 6) to base 14
-22
Convert -45 (base 8) to base 7.
-52
Convert 1 (base 8) to base 4.
1
-2 (base 13) to base 9
-2
Convert 8a (base 13) to base 5.
424
What is 3 (base 9) in base 7?
3
What is 2 (base 13) in base 15?
2
-109 (base 11) to base 12
-aa
19 (base 14) to base 13
1a
Convert -2 (base 9) to base 5.
-2
Convert -3 (base 13) to base 6.
-3
-12 (base 14) to base 8
-20
4 (base 13) to base 16
4
What is -12 (base 16) in base 2?
-10010
3 (base 12) to base 15
3
-53 (base 14) to base 6
-201
-37 (base 13) to base 2
-101110
Convert -40 (base 6) to base 15.
-19
Convert 1 (base 4) to base 13.
1
Convert -1 (base 2) to base 10.
-1
-20 (base 11) to base 3
-211
What is 0 (base 15) in base 6?
0
-1 (base 13) to base 6
-1
What is 2210 (base 3) in base 15?
50
What is 1a (base 14) in base 8?
30
Convert 6 (base 13) to base 3.
20
Convert -1 (base 5) to base 9.
-1
Convert 134 (base 6) to base 9.
64
Convert -1 (base 15) to base 8.
-1
3 (base 13) to base 4
3
Convert -1 (base 5) to base 13.
-1
-100 (base 2) to base 3
-11
Convert 21 (base 7) to base 11.
14
What is -b (base 16) in base 11?
-10
2 (base 14) to base 7
2
-106 (base 16) to base 8
-406
What is -10012 (base 3) in base 6?
-222
-4 (base 6) to base 3
-11
What is 1 (base 16) in base 14?
1
What is -2 (base 13) in base 9?
-2
102 (base 10) to base 12
86
Convert -18 (base 12) to base 2.
-10100
10 (base 6) to base 4
12
Convert 49 (base 14) to base 7.
122
-3 (base 12) to base 2
-11
-12 (base 3) to base 15
-5
32 (base 5) to base 11
16
-1 (base 6) to base 5
-1
Convert -2 (base 7) to base 16.
-2
Convert 8 (base 16) to base 8.
10
8 (base 9) to base 16
8
What is -22 (base 3) in base 12?
-8
-b6 (base 12) to base 6
-350
Convert 5 (base 6) to base 9.
5
What is 104 (base 16) in base 4?
10010
What is 3c (base 16) in base 12?
50
Convert -8 (base 14) to base 8.
-10
What is 85 (base 9) in base 10?
77
101 (base 2) to base 13
5
What is 12 (base 10) in base 14?
c
What is -21a (base 12) in base 9?
-374
-a (base 14) to base 11
-a
What is -2 (base 6) in base 3?
-2
What is 0 (base 15) in base 11?
0
What is -185 (base 10) in base 7?
-353
-103 (base 9) to base 5
-314
0 (base 12) to base 15
0
Convert 1000100 (base 2) to base 15.
48
-3 (base 13) to base 10
-3
49 (base 12) to base 11
52
2 (base 11) to base 9
2
-1a (base 15) to base 16
-19
Convert 111 (base 3) to base 6.
21
Convert -32 (base 15) to base 5.
-142
2 (base 14) to base 16
2
Convert -100 (base 2) to base 15.
-4
-2 (base 16) to base 14
-2
What is -20 (base 9) in base 4?
-102
What is -8 (base 13) in base 11?
-8
Convert c (base 14) to base 5.
22
What is 25 (base 9) in base 10?
23
6b (base 13) to base 8
131
-6 (base 8) to base 13
-6
Convert -35 (base 9) to base 11.
-2a
What is -270 (base 13) in base 16?
-1ad
10 (base 3) to base 7
3
Convert 11 (base 15) to base 12.
14
-10 (base 3) to base 9
-3
Convert -24 (base 8) to base 2.
-10100
What is 0 (base 11) in base 9?
0
What is -6 (base 10) in base 5?
-11
What is 70 (base 8) in base 9?
62
What is -120 (base 6) in base 10?
-48
Convert -2 (base 14) to base 16.
-2
What is 100 (base 5) in base 8?
31
-29 (base 14) to base 8
-45
Convert 224 (base 6) to base 2.
1011000
What is 3b (base 15) in base 4?
320
3 (base 5) to base 14
3
Convert -25 (base 16) to base 7.
-52
Convert -38 (base 16) to base 8.
-70
What is -133 (base 5) in base 3?
-1121
What is d (base 14) in base 11?
12
-5 (base 11) to base 13
-5
What is -6 (base 15) in base 14?
-6
Convert 2 (base 15) to base 3.
2
-4 (base 15) to base 16
-4
What is 2 (base 8) in base 10?
2
-106 (base 9) to base 5
-322
Convert 3 (base 16) to base 5.
3
What is 146 (base 10) in base 16?
92
12 (base 3) to base 15
5
What is -110 (base 4) in base 2?
-10100
-61 (base 10) to base 4
-331
-2 (base 12) to base 4
-2
2 (base 7) to base 8
2
Convert -10100 (base 2) to base 3.
-202
Convert -1 (base 8) to base 2.
-1
-1 (base 5) to base 6
-1
210 (base 3) to base 12
19
-34 (base 12) to base 11
-37
-11 (base 6) to base 9
-7
Convert 12 (base 4) to base 11.
6
Convert 103 (base 4) to base 5.
34
Convert -12020 (base 4) to base 2.
-110001000
Convert -8 (base 14) to base 5.
-13
127 (base 12) to base 9
214
Convert 0 (base 3) to base 5.
0
What is 10 (base 3) in base 2?
11
-320 (base 6) to base 11
-aa
6 (base 7) to base 3
20
Convert -5 (base 14) to base 16.
-5
Convert 1013 (base 5) to base 16.
85
-14 (base 8) to base 13
-c
What is 13 (base 10) in base 13?
10
Convert 54 (base 6) to base 12.
2a
14 (base 9) to base 14
d
What is -12 (base 11) in base 14?
-d
Convert -12 (base 11) to base 13.
-10
Convert -2 (base 14) to base 5.
-2
Convert -1 (base 7) to base 16.
-1
What is 10 (base 12) in base 5?
22
Convert -31 (base 4) to base 13.
-10
Convert 1 (base 5) to base 15.
1
What is 13 (base 8) in base 10?
11
Convert 4 (base 12) to base 8.
4
What is -422 (base 6) in base 11?
-134
What is -1b (base 12) in base 3?
-212
Convert 0 (base 11) to base 14.
0
126 (base 7) to base 12
59
-1 (base 4) to base 3
-1
What is 18 (base 9) in base 15?
12
55 (base 9) to base 8
62
What is -4 (base 12) in base 7?
-4
Convert 143 (base 5) to base 7.
66
Convert 1 (base 14) to base 11.
1
Convert 0 (base 4) to base 13.
0
Convert 1 (base 2) to base 15.
1
What is -212 (base 9) in base 13?
-104
-3 (base 10) to base 2
-11
What is -13 (base 4) in base 11?
-7
What is 13 (base 16) in base 15?
14
14 (base 6) to base 4
22
What